*3 + y**2 + 2*y - 2. Let k(v) = 4*v**3 + 3*v**2 + 7*v - 7. Let q(x) = -2*k(x) + 7*m(x). What is q(0)?
0
Suppose 5*b = 2*b - 24. Let n = b + 9. Let j(y) = -4*y + 7*y - 2 + n. Determine j(3).
8
Let f(g) = 4*g - 37. Let h(p) = -5*p + 39. Let v(a) = -6*f(a) - 5*h(a). Calculate v(0).
27
Let q be 64/34 - ((-210)/255)/7. Suppose b = -3*w - 3*b + 76, 4*w = 2*b + 72. Let h(k) = -44*k - 6 + k**q + w*k + 25*k. Calculate h(0).
-6
Let d(i) = -3*i + 5. Suppose -17*w + 48 = -5*w. What is d(w)?
-7
Let q(a) = -a**3 - 5*a**2 + a - 3. Let v(p) = 61*p + 1399. Let l be v(-23). Calculate q(l).
-23
Let u(s) = s**3 + 18*s**2 - s - 15. Let k be (-248)/14 - 4/14. Let c be u(k). Suppose -2*r - c = -5*r. Let y(f) = 10*f**3 - f**2 + 2*f - 1. Determine y(r).
10
Let w(t) = t**2 - 15*t + 29. Let p be w(13). Let j(z) = 28*z**p + 2*z + 1 - 19*z**3 - 14*z**3. Calculate j(-1).
4
Let f = 286 + -292. Let k(o) = -o + 2. Determine k(f).
8
Let h(x) be the third derivative of -x**6/120 - x**5/15 - x**4/8 - x**3/3 + 2*x**2 + 20. Determine h(-4).
10
Let g(l) be the second derivative of l**5/20 - 11*l**4/12 + 5*l**3/3 + 5*l**2/2 + 134*l. Determine g(10).
5
Let o(v) = v**2 - 36*v + 250. Let y be o(9). Let s(n) = -n**2 + 5*n + 13. What is s(y)?
-1
Let f(p) = 4*p**2 - p**2 - 2*p**2 - 5*p. Let j = 39 + -49. Let c be 8/(-4) - j - 4. Give f(c).
-4
Let k(y) = 5*y**3 + 2*y**2 - 15*y + 14. Let i(v) = -v**3 + v**2 + v - 1. Let f(o) = 6*i(o) + k(o). Let b be 8 + (4 - (7 + -2)). What is f(b)?
-6
Let z(o) = -4*o**2 + 4*o**2 + 10 - 2*o**2 - 7 + o. Determine z(2).
-3
Suppose 4*x + 16 + 0 = 0. Let h be (-4)/(-10)*(-11 + x). Let n(u) = -u - 4. Calculate n(h).
2
Let q(p) be the first derivative of -p**2/2 - 5*p - 2. Let a(v) = -v**2 + 7*v + 95. Let d be a(14). Calculate q(d).
-2
Let a(h) be the first derivative of h**6/360 - h**4/8 - 3*h**3 + 3. Let y(x) be the third derivative of a(x). What is y(-3)?
6
Let i(g) = 5*g**3 - 4*g**2 + 6*g - 3. Suppose -52*u + 44 = -60. Calculate i(u).
33
Let t(i) = -i**3 + 7*i**2 - 7*i + 6. Let n be (-9 - -8) + (0 - 1) + 7. Suppose -n*r - j = -27, -3*r = -0*j - 4*j - 30. Give t(r).
0
Let i(q) = 2*q**2 - 29*q - 19. Let j be i(15). Let b(k) be the first derivative of -k**2/2 - 2*k + 1. Calculate b(j).
2
Let t(d) = -2*d - 7. Let n = -135 - -254. Let v = -125 + n. Calculate t(v).
5
Let m(b) be the first derivative of -1/4*b**4 - 2/3*b**3 - 1/2*b**2 - 2 - 2*b. Determine m(-2).
0
Let v(m) = m**2 + 8*m - 1. Let b be (-16)/(-16) - (2 + 8 - -1). Determine v(b).
19
Suppose 23*v + 143 + 133 = 0. Let h(w) = 6*w + 66. Calculate h(v).
-6
Let k(b) = b**3 - 9*b - 6. Let m be k(-3). Let l(r) = 10*r + 1. Let y(i) = -11*i - 2. Let s(h) = m*y(h) - 7*l(h). What is s(6)?
-19
Let l be (0/(-1))/(1*-2). Suppose -4*m + 40 = m. Let v(d) = 7*d**2 + 0*d**2 + 2 - m*d**2. Determine v(l).
2
Let l be (6/2)/((-4)/(-12)). Let j(y) = -5 + 3*y - 6 - 2*y. Let n be j(l). Let c(u) = -3*u**2 - u - 1. What is c(n)?
-11
Let b(v) = 6*v + 6. Let w be b(6). Let f = -48 + w. Let m(h) = -h + 6. Calculate m(f).
12
Let m be (-2 - (-8)/(-6))/((-2)/6). Suppose 35 = 15*w - m*w. Let u(n) = -2*n + 5. Give u(w).
-9
Let s be 78/(-13) - (-3 - -4)*-1. Let w(f) = -f**3 - 5*f**2 - f - 6. Calculate w(s).
-1
Suppose 0 = -c + 2*h + h + 7, -4*c = -h + 16. Let k(z) = -4*z - 7. What is k(c)?
13
Let q(x) = 9*x - 47. Suppose -2*m + 3*a + 244 = 220, -3*a + 12 = 4*m. Give q(m).
7
Let v(k) = 12*k - 1. Suppose 2*m - 5*o - 18 = 0, 1 = 5*o + 11. Give v(m).
47
Suppose -4*k - 15 = -5*l, -38*l + 4 = -42*l. Let n(i) = i**2 + 3*i - 6. Give n(k).
4
Suppose 0 = -25*j - 1231 + 1181. Suppose 2*r - 8 = -2*r. Let k(c) = 2*c - 2*c**2 + 5*c**2 - 2*c**r. Determine k(j).
0
Let g(h) = h**2 - 3*h - 4. Suppose -13*y + 11*y + 2 = 0. Suppose 0 = -2*a + t + 12, -4*a + 3*t + 21 = y. Suppose -4 = -v, a*v - 3*v = 3*w + 5. Determine g(w).
6
Let o(y) = y**3 - 14*y**2 + y - 18. Let v be o(14). Let h(i) = -i**3 - 5*i**2 + 2*i - 4. Let x be h(v). Let l be 9*(x/12 + 3). Let b(q) = -q + 4. Give b(l).
-2
Let q(h) be the first derivative of h**3/3 + 12*h - 1. Let c be (-20)/8*4/(-5). Suppose a = c*a. Calculate q(a).
12
Let s(x) be the third derivative of -x**5/60 - x**4/12 + 7*x**3/6 - 6*x**2 + x. Calculate s(3).
-8
Suppose -2*n + 26 = 2*j, n - 2*j = 2 - 1. Let t be n/(-6)*16/(-12). Suppose -2*h = -t, 3*d = -3*h + 11 - 2. Let c(l) = l**2 - 2*l + 2. Give c(d).
2
Suppose -56 = -141*h + 148*h. Let b(f) = -2*f + 1. Calculate b(h).
17
Let w(t) = 4 + 3*t**2 - 9 + 8*t - 8*t + 4 + 2*t. Determine w(2).
15
Let x(u) = -388*u + 135*u + 145*u + 137*u + 1. Calculate x(1).
30
Let d = -51 - -48. Let j be 7 + d - (2 - 1). Let h(r) = 2*r**2 - 11*r + 2. Let b(p) = -p**2 + 6*p - 1. Let o(v) = 7*b(v) + 4*h(v). Determine o(j).
4
Let o(l) = 2*l + 3. Let c be 4/(-2) - (-2 + 6). Let p(s) = s**2 + 4*s - 11. Let a be p(c). Let u be 12/(-1)*a/3. Calculate o(u).
-5
Let h(z) = 5*z. Let t(b) = -26*b. Let j(g) = 11*h(g) + 2*t(g). Give j(1).
3
Suppose -539*v + 536*v - 12 = 0. Let k(i) = -7*i - 3. What is k(v)?
25
Let g(k) be the second derivative of -k**4/12 + 3*k**3/2 - 5*k**2/2 - 13*k - 15. Suppose 9 = 3*u - 6*s + 3*s, -5*s + 57 = 4*u. Determine g(u).
3
Suppose -5 = -5*g, 0 = 3*l + 93*g - 88*g - 2. Let n(h) = -8*h**3. What is n(l)?
8
Let x be (34 - 44)*1/2. Let w(j) = j + 3. Give w(x).
-2
Let q(g) = 4*g - 2*g - 436 + 448. Calculate q(-10).
-8
Let q be (2/2)/((-13)/(-52)). Let y(a) = -3*a + q*a + 4*a**3 + 5 - 3*a**3 - 4. Calculate y(0).
1
Let d(t) = t**3 - 8*t**2 + 6*t + 12. Let u be d(7). Suppose -4*l - 15 = 3*f - 0, 5*f + u*l + 25 = 0. Let a(y) = -2*y - 12. What is a(f)?
-2
Suppose 22 = 4*t - o - o, -3 = -3*o. Let p(v) = -4*v**2 - 1. Let i(x) = -17*x**2 + 6*x - 8. Let y(u) = -i(u) + 4*p(u). Determine y(t).
4
Suppose -6 + 0 = 3*q. Let v(g) = 0*g**2 + 3 + 11*g**3 - 8*g**3 + 4*g - 2*g**3 + g**2. Determine v(q).
-9
Suppose -i = -0*i. Let y = 8 - 10. Let t(h) = -h**3 - 4*h**2 + 3*h + 15. Let k(x) = -x**3 - 3*x**2 + 2*x + 14. Let w(o) = y*t(o) + 3*k(o). Calculate w(i).
12
Let y = 15 + -12. Let s(i) be the second derivative of -i**4/12 + 2*i**3/3 + i**2/2 - 9*i. Give s(y).
4
Let q = 525 - 524. Let j(v) = -6*v**3 - v**2 + 2*v. Give j(q).
-5
Let i(g) = -4 + 11*g**3 + 8*g**3 - 18*g**3 - 26*g - 3*g**2 + 23*g. Determine i(3).
-13
Let h be (-40)/14*28/(-8). Let r(l) = l - 14. Determine r(h).
-4
Let g(u) = -u**2 - 10*u + 23. Suppose 3*t + 0*r + 3*r = -42, -2*t = -5*r + 7. Calculate g(t).
12
Let o(z) = -z + z + 5*z**2 + 2*z**2 + 6*z - 5*z. What is o(1)?
8
Let m be -2*(-2)/(-4)*-2. Let s(k) = -3*k + 3. Let o be s(m). Let y(c) = c. Let r(b) = -b. Let i(p) = o*r(p) - 4*y(p). What is i(3)?
-3
Let c(b) = -b**2 - 3*b + 12. Let p be c(-6). Let r(s) = -3*s - 1. Determine r(p).
17
Let s(b) = -b - 5. Suppose 3*v + 2 = 4*j, -3 = -4*v + 5*j - 4. Let q = -13 + v. Let h = q + 7. What is s(h)?
-5
Suppose -18 = -4*f + 5*f. Let s = -16 - f. Let w(y) = 5*y - 2*y + y**3 + 2*y - s*y + 4*y**2. Calculate w(-2).
2
Let k(v) be the first derivative of v**7/840 + v**6/60 + v**5/20 + 7*v**4/24 - v**3/3 - 5*v - 60. Let b(w) be the third derivative of k(w). Give b(-5).
2
Let i(p) = p**3 - 4*p**2 + 2*p + 1. Let m be i(3). Suppose -5*h = 4*q - 14, -5*q - 2 + 1 = -3*h. Let t(c) = c - c - h*c + 2. Calculate t(m).
6
Let x(a) = a**2 + a. Let n be (-12)/21 - 6/14. Let s(i) = i**3 - i**2 - i - 1. Let j(g) = n*s(g) - 2*x(g). Calculate j(0).
1
Let r(v) = -3*v - 7. Let n(k) = 16*k + 35. Let o = -13 - -11. Let t(m) = o*n(m) - 11*r(m). Suppose -5*b + x - 28 = 0, -2*x + 0*x + 2 = -b. Calculate t(b).
1
Let l(m) = 1053*m + 12*m**2 - 1053*m. What is l(-1)?
12
Let g(n) = 8*n**2 + n + 7. Let m(t) = 5*t**2 + t + 6. Let s(k) = 2*g(k) - 3*m(k). What is s(0)?
-4
Let z(m) = m - 1. Let x = -67 + 39. Let s = x - -29. Let g = -2 - s. Give z(g).
-4
Suppose -131*t + 78*t = -703*t + 4550. Let u(n) be the first derivative of -2*n**3 + 1/4*n**4 - 3*n**2 - 7*n + 1. Calculate u(t).
0
Let v = -3 - -13. Let x(f) = -5 + v*f - f - 5*f. Determine x(4).
11
Let k be (0 - -2)/(4/6). Let h be ((-5)/k)/((-75)/90). Let m(x) = 3*x**2 - 6*x**2 + 5*x**h + 5 - 3*x**2. Determine m(0).
5
Let d(o) = o**2 - 14*o + 2. Let c(a) = 13*a**2 + 20*a - 19. Let y be c(1). What is d(y)?
2
Let w(j) = -11*j - 15. Let z(i) = 5*i + 7. Let r = 3 - 6. Let o(p) = r*w(p) - 7*z(p). What is o(-5)?
6
Let b be ((-25)/(-10